{"id":21,"date":"2019-09-14T17:03:13","date_gmt":"2019-09-14T17:03:13","guid":{"rendered":"http:\/\/www.hmltoimihenkilot.fi\/?page_id=21"},"modified":"2025-10-02T12:00:29","modified_gmt":"2025-10-02T12:00:29","slug":"yhteystiedot-2","status":"publish","type":"page","link":"https:\/\/www.hmltoimihenkilot.fi\/index.php\/yhteystiedot-2\/","title":{"rendered":"Yhteystiedot"},"content":{"rendered":"\n<p>H\u00e4meenlinnan Toimihenkil\u00f6t Pro Ry<br>Sibeliuksenkatu 4 LH 12<br>13100 H\u00e4meenlinna<\/p>\n\n\n\n<p>email: pro(at)hmltoimihenkilot.fi<\/p>\n\n\n\n<p>Oikopolku yhdistyksen some-kanaviin. Klikkaa itsesi sivuille tai skannaa QR-koodi:<\/p>\n\n\n<a class=\"wp-block-read-more\" href=\"https:\/\/www.hmltoimihenkilot.fi\/index.php\/yhteystiedot-2\/\" target=\"_self\"><a href=\"https:\/\/www.facebook.com\/hmltoimihenkilot\">Facebook<\/a><span class=\"screen-reader-text\">: Yhteystiedot<\/span><\/a>\n\n<div class=\"wp-block-image\">\n<figure class=\"aligncenter size-full is-resized\"><img loading=\"lazy\" decoding=\"async\" width=\"287\" height=\"287\" src=\"http:\/\/www.hmltoimihenkilot.fi\/wp-content\/uploads\/2024\/04\/QR-fb.png\" alt=\"\" class=\"wp-image-339\" style=\"width:195px;height:auto\" srcset=\"https:\/\/www.hmltoimihenkilot.fi\/wp-content\/uploads\/2024\/04\/QR-fb.png 287w, https:\/\/www.hmltoimihenkilot.fi\/wp-content\/uploads\/2024\/04\/QR-fb-150x150.png 150w\" sizes=\"auto, (max-width: 287px) 100vw, 287px\" \/><\/figure><\/div>\n\n<a class=\"wp-block-read-more\" href=\"https:\/\/www.hmltoimihenkilot.fi\/index.php\/yhteystiedot-2\/\" target=\"_self\"><a href=\"https:\/\/www.instagram.com\/hmltoimihenkilotprory\/\">Hmltoimihenkil\u00f6tProRy (@hmltoimihenkilotprory) \u2022 Instagram-kuvat ja -videot<\/a><span class=\"screen-reader-text\">: Yhteystiedot<\/span><\/a>\n\n<div class=\"wp-block-image\">\n<figure class=\"aligncenter size-large is-resized\"><img loading=\"lazy\" decoding=\"async\" width=\"891\" height=\"1024\" src=\"http:\/\/www.hmltoimihenkilot.fi\/wp-content\/uploads\/2024\/03\/hmltoimihenkilotprory_qr-891x1024.png\" alt=\"\" class=\"wp-image-317\" style=\"width:221px;height:auto\" srcset=\"https:\/\/www.hmltoimihenkilot.fi\/wp-content\/uploads\/2024\/03\/hmltoimihenkilotprory_qr-891x1024.png 891w, https:\/\/www.hmltoimihenkilot.fi\/wp-content\/uploads\/2024\/03\/hmltoimihenkilotprory_qr-261x300.png 261w, https:\/\/www.hmltoimihenkilot.fi\/wp-content\/uploads\/2024\/03\/hmltoimihenkilotprory_qr-768x882.png 768w, https:\/\/www.hmltoimihenkilot.fi\/wp-content\/uploads\/2024\/03\/hmltoimihenkilotprory_qr-1337x1536.png 1337w, https:\/\/www.hmltoimihenkilot.fi\/wp-content\/uploads\/2024\/03\/hmltoimihenkilotprory_qr-1783x2048.png 1783w\" sizes=\"auto, (max-width: 891px) 100vw, 891px\" \/><\/figure><\/div>\n\n\n<p><\/p>\n","protected":false},"excerpt":{"rendered":"<p>H\u00e4meenlinnan Toimihenkil\u00f6t Pro RySibeliuksenkatu 4 LH 1213100 H\u00e4meenlinna email: pro(at)hmltoimihenkilot.fi Oikopolku yhdistyksen some-kanaviin. Klikkaa itsesi sivuille tai skannaa QR-koodi:<\/p>\n","protected":false},"author":1,"featured_media":0,"parent":0,"menu_order":0,"comment_status":"closed","ping_status":"closed","template":"","meta":{"footnotes":""},"class_list":["post-21","page","type-page","status-publish","hentry"],"_links":{"self":[{"href":"https:\/\/www.hmltoimihenkilot.fi\/index.php\/wp-json\/wp\/v2\/pages\/21","targetHints":{"allow":["GET"]}}],"collection":[{"href":"https:\/\/www.hmltoimihenkilot.fi\/index.php\/wp-json\/wp\/v2\/pages"}],"about":[{"href":"https:\/\/www.hmltoimihenkilot.fi\/index.php\/wp-json\/wp\/v2\/types\/page"}],"author":[{"embeddable":true,"href":"https:\/\/www.hmltoimihenkilot.fi\/index.php\/wp-json\/wp\/v2\/users\/1"}],"replies":[{"embeddable":true,"href":"https:\/\/www.hmltoimihenkilot.fi\/index.php\/wp-json\/wp\/v2\/comments?post=21"}],"version-history":[{"count":18,"href":"https:\/\/www.hmltoimihenkilot.fi\/index.php\/wp-json\/wp\/v2\/pages\/21\/revisions"}],"predecessor-version":[{"id":457,"href":"https:\/\/www.hmltoimihenkilot.fi\/index.php\/wp-json\/wp\/v2\/pages\/21\/revisions\/457"}],"wp:attachment":[{"href":"https:\/\/www.hmltoimihenkilot.fi\/index.php\/wp-json\/wp\/v2\/media?parent=21"}],"curies":[{"name":"wp","href":"https:\/\/api.w.org\/{rel}","templated":true}]}}